5*m + 23 = -d. Suppose d = 3*f - 10. Suppose f*o = 80 - 12. What are the prime factors of o?
17
Let r = -19 - -19. What are the prime factors of (r + 2)/((-13)/(-26))?
2
Let v(k) = 37*k**2 - 2*k + 3. List the prime factors of v(1).
2, 19
Let z(s) = 2 + s + s + s**2 + 2*s. Let g be z(-4). Let v(r) = 2*r**2 + r + 1. List the prime factors of v(g).
11
Let a = 2002 + -1383. List the prime factors of a.
619
Suppose -4*z + 5*z - 5 = 0. Suppose -f - z = -84. What are the prime factors of f?
79
Let x = 15 + -10. Suppose 0 = 3*s, x*z + 3*s - 104 = -24. What are the prime factors of z?
2
Let f = 36 - 7. Let v = 39 - f. Let t = v + 39. List the prime factors of t.
7
Suppose -2*o + 3284 = -2298. What are the prime factors of o?
2791
Suppose 3*o = 9*o. Let i(s) = -s**2 + s + 61. List the prime factors of i(o).
61
Let q = 101 - 99. Suppose -4*l = 2*h - 176, q*h + 3*l = 2*l + 182. What are the prime factors of h?
2, 23
Suppose -2*v + 12 = v. Suppose -3*s = -v*x + 7, 5*x + 0*x + 35 = -5*s. Let d(r) = r**2 - r - 2. List the prime factors of d(x).
2
Suppose -5*l + l = -12. Suppose 2*u - 3*w - 82 = -26, 5*w = 4*u - 116. Suppose l*v - u = v. List the prime factors of v.
17
Let h(s) = 4*s**2 + 3*s - 1. Let m be h(-3). Let p = m - -14. List the prime factors of p.
2, 5
Let n = -4 + 16. Let o(i) = i**3 - 11*i**2 - 13*i + 15. Let x be o(n). Suppose 27 = -0*f + x*f. What are the prime factors of f?
3
Let y(j) = 46*j - 61. What are the prime factors of y(3)?
7, 11
Suppose 0 = 4*x + 18 + 30. Let r = x + 72. What are the prime factors of r?
2, 3, 5
Let k be (-8)/(60/75 + 142/(-190)). Let o = -62 - k. What are the prime factors of o?
2, 3, 5
Suppose 8580 + 5749 = 7*a. List the prime factors of a.
23, 89
Let q be (-15)/(-10) + (-1)/(-2). Let b be (-9)/(q - 11/6). List the prime factors of 0 - 0 - b/9.
2, 3
Let a(v) = v**3 + 3*v**2 - 4*v + 902. What are the prime factors of a(0)?
2, 11, 41
Suppose -461 + 191 = -3*j. What are the prime factors of (-10)/j + (-1334)/(-18)?
2, 37
Let o(l) = 2*l**2 - 8*l - 5. Let h be o(6). Suppose 4*i - h = -a, 15 = 4*a + 3. Suppose 2*q + 2*q + 3*n - 124 = 0, 0 = i*n. What are the prime factors of q?
31
Suppose -4*b + 2*b = -4744. Suppose 0*c - 4*c = 4*d - b, 4*c - 596 = -d. List the prime factors of d/24 - (-1)/3.
5
Let s(j) = 31 - 8 - j - j + 3. List the prime factors of s(-20).
2, 3, 11
Let o(q) = -q**3 - 3*q**2 - 6*q - 9. List the prime factors of o(-8).
359
Suppose 5*d = -38 - 2. Let t(v) = v + 9. Let p be t(d). Suppose -2 - p = 2*x - 3*y, -2*x = -2*y. What are the prime factors of x?
3
Let s(y) = 4*y**2 + 32*y + 4. What are the prime factors of s(-12)?
2, 7
Let h be 28/6 + 10/(-15). Suppose x + p - 150 = 0, -3*x + 379 = h*p - 76. Let v = x + -84. List the prime factors of v.
61
Let k be 2340/(-42) + 3 - (-4)/(-14). Let l(a) = 4*a**2 + a + 6. Let s be l(-5). Let b = k + s. List the prime factors of b.
2, 3
Let l = 246 + -23. What are the prime factors of l?
223
Suppose 391 = 4*v - m, 3*v + 104 = 4*v + m. Suppose -v*g = -95*g - 952. List the prime factors of g.
2, 7, 17
Let a(l) = 3*l**3 + 3*l**2 - l + 8. Let i(n) = n + 7. Let c be i(-3). List the prime factors of a(c).
2, 61
Suppose 0 = -4*o + c + c + 26, 4*c + 32 = 3*o. Let k(l) = l - 6 + 4 + l + o. List the prime factors of k(9).
2, 5
Suppose 5*h = d + 2987, 11*h - 4*d = 14*h - 1783. List the prime factors of h.
3, 199
Let l = -56 - -59. List the prime factors of l.
3
Let k be (24/10)/(9/30). What are the prime factors of 1/(9/78)*36/k?
3, 13
Suppose 11*h - 14*h - 3*q + 10470 = 0, 3*h + 2*q = 10473. What are the prime factors of h?
7, 499
Let h = 4 + -4. Suppose -4*d + 6 = -2*p - 0, h = 5*p + 2*d - 21. Suppose -42 = -p*x - 3. List the prime factors of x.
13
What are the prime factors of 201/9 + (-2)/(-3)?
23
List the prime factors of (-24)/(-16)*7588/21.
2, 271
Let p(f) = -f**2 + 4*f - 6. Suppose -u + 7 = b, 3*u - 10 = 5. Let o be p(b). What are the prime factors of (-1610)/(-21) + o/(-6)?
7, 11
Suppose 6 = -2*r + 5*r. Let n be -4*r + (-4 - -1). Let i(f) = -f + 6. What are the prime factors of i(n)?
17
Let r = -170 + 488. List the prime factors of r.
2, 3, 53
Suppose 2*g - 1 = -q, 2*g - 2*q + 4 = 2*q. Suppose 0 = -g*j + 5*j - 35. List the prime factors of j.
7
Suppose c - 8 + 3 = 0. Suppose c*m + 512 = m. Let p = -90 - m. List the prime factors of p.
2, 19
Let r(h) = h**2 - h - 9. Let p = -25 - -31. List the prime factors of r(p).
3, 7
Suppose 0 = -4*v + i - 76, 80 = -4*v - 2*i + 4*i. Let j be (-4)/v - 58/18. What are the prime factors of (j/2)/((-3)/104)?
2, 13
Let c(i) = 4*i**2 - 32. What are the prime factors of c(-21)?
2, 433
Suppose 5*f - 3*f = 5*y - 27, 15 = y + 2*f. Let j be -2 + (0 - 1) + y. Suppose 3*k = -j*r + 55, -5*k + 2*k - r = -52. List the prime factors of k.
17
Suppose 5*b - 5*a = 145, 67 = 5*b - a - 74. What are the prime factors of (b/(-8))/(-3*(-2)/(-132))?
7, 11
Suppose -5*q - 23 + 3 = g, 2*g + 4*q = -64. Let l = 31 - g. List the prime factors of l.
71
Suppose 2*a - 4*p = 46, -5*a + p = -66 - 4. Suppose -2*b + a*b = 1397. List the prime factors of b.
127
Suppose 7344*n - 7337*n - 6979 = 0. What are the prime factors of n?
997
Suppose -191*z + 194*z - 1164 = 0. List the prime factors of z.
2, 97
Let d(t) = t**3 + 4*t**2 + 9*t + 10. Let q be d(-2). Suppose q = 5*h - 4*n - 461, h - 104 = n - 12. List the prime factors of h.
3, 31
Let n = -58 - -54. List the prime factors of 186/1 - (n + 4).
2, 3, 31
Let z(d) = 3*d**3 + 6*d**2 - 27*d + 14. What are the prime factors of z(4)?
2, 97
Suppose -2238 = -6*t + 3336. List the prime factors of t.
929
Suppose u + 5*o - 918 = 0, -18*u + 906 = -17*u + 2*o. List the prime factors of u.
2, 449
Let i = 1029 + -518. What are the prime factors of i?
7, 73
Suppose x = -9 - 6. Let o = x + 17. What are the prime factors of o/(-4 + 26/6)?
2, 3
Let b(m) = 2*m**2 - 6*m - 1. Let w = 20 - 15. Suppose -18 = -w*g + 2*g. What are the prime factors of b(g)?
5, 7
Let k(r) = 14*r**2 + 270. Let i(u) = 5*u**2 + 90. Let h(o) = 8*i(o) - 3*k(o). Let d be h(0). Let x = 141 + d. List the prime factors of x.
3, 17
Let y = -8 - -10. Let x(m) = -2*m. Let z be x(y). Let u = 20 - z. What are the prime factors of u?
2, 3
Let i(f) be the third derivative of f**5/60 - f**4/3 + 3*f**3/2 - 17*f**2. List the prime factors of i(8).
3
Suppose -3*j + 858 = -6*j. List the prime factors of j/(-6) + (-4)/6.
47
Let d(j) = 7*j**3 + 8*j**2 - 8*j + 196. List the prime factors of d(8).
2, 7, 151
Let v be 20/(-6)*(-6)/5. Let r(l) = l**3 - 13*l**2 - 12*l - 26. Let m be r(14). Suppose -v*x - 114 = -2*y, -5*x = 6*y - m*y - 202. List the prime factors of y.
53
Suppose 545 = 3*q + 2*f, 4*q = 3*q - 2*f + 179. What are the prime factors of q?
3, 61
Let f be -4 - 11/(33/168). Let q = f - -129. What are the prime factors of q?
3, 23
Let q = -285 + 587. Let t = q + -134. List the prime factors of t.
2, 3, 7
Let f(o) = 5*o**2 + 9*o + 6. Let g(d) = 2*d**2 - d + 1. Let m(j) = -f(j) + 2*g(j). Let a(h) = h - 2. Let b be a(-6). List the prime factors of m(b).
2, 5
Let v = -2854 + 4343. What are the prime factors of v?
1489
Let h = 3447 - 641. What are the prime factors of h?
2, 23, 61
Suppose -382*w + 20010 = -372*w. List the prime factors of w.
3, 23, 29
Let x(r) = -199*r**3 - 5*r**2 + r + 12. List the prime factors of x(-2).
2, 7, 113
Suppose 0*l - l - 2 = -4*n, -2*n + 5*l - 8 = 0. Let p be (-3 + n)/(-13 - -12). Let q(w) = 2*w**3 + 4*w**2 - 3*w. List the prime factors of q(p).
2, 13
Suppose -5*g - 2*l = 15 + 1, 12 = -4*l. Let c = -4 - g. What are the prime factors of 11 - (-3)/2*c?
2
What are the prime factors of -2 + 9 + 175 + 6?
2, 47
Suppose -2*i + 222 = -676. What are the prime factors of i?
449
Let u be (-5 - -3) + -2 + 2. Let q be (u - 1)/(3/(-1)). What are the prime factors of q + 1 - 19/(-1)?
3, 7
Let r(s) = 52*s - 312. List the prime factors of r(16).
2, 5, 13
Suppose -4*m + 29 + 175 = 0. Let t = m - 6. List the prime factors of t.
3, 5
Let z = -4 - 5. List the prime factors of (-2)/z + (-1700)/(-45).
2, 19
Let y(s) = -144*s - 180. List the prime factors of y(-14).
2, 3, 17
Suppose -12 = -z - r, 4*z - 48 = -6*r + 3*r. Suppose 3*o = 42 - z. What are the prime factors of o?
2, 5
Suppose 0 = -217*n + 218*n - 3821. List the prime factors of n.
3821
Let w(p) = 0 - 14*p**2 - 3*p + 17*p +